{"id":65,"date":"2025-06-16T00:37:31","date_gmt":"2025-06-16T00:37:31","guid":{"rendered":"https:\/\/xn--grananaprtica-ceb.com\/inicio\/"},"modified":"2025-06-18T19:27:59","modified_gmt":"2025-06-18T19:27:59","slug":"inicio","status":"publish","type":"page","link":"https:\/\/xn--grananaprtica-ceb.com\/","title":{"rendered":"Grana na Pr\u00e1tica"},"content":{"rendered":"<p><!DOCTYPE html><br \/>\n<html lang=\"pt-BR\"><br \/>\n<head><br \/>\n  <meta charset=\"UTF-8\" \/><br \/>\n  <meta name=\"viewport\" content=\"width=device-width, initial-scale=1.0\" \/><br \/>\n  <meta name=\"description\" content=\"Grana na Pr\u00e1tica - Blog com dicas de renda extra, neg\u00f3cios lucrativos, finan\u00e7as pessoais e como ganhar dinheiro online de forma pr\u00e1tica.\" \/><br \/>\n  <meta name=\"keywords\" content=\"Grana na Pr\u00e1tica, ganhar dinheiro, renda extra, blog de finan\u00e7as, neg\u00f3cios online, investimentos, renda em casa\" \/><br \/>\n  <meta name=\"author\" content=\"Grana na Pr\u00e1tica\" \/><br \/>\n  <title>Grana na Pr\u00e1tica | Dicas para Ganhar Dinheiro de Verdade<\/title><\/p>\n<p>  <!-- Estilo CSS --><\/p>\n<style>\n    body {\n      font-family: Arial, sans-serif;\n      margin: 0;\n      background: #f2f2f2;\n      color: #333;\n    }\n    header {\n      background: #198754;\n      color: white;\n      padding: 2rem 1rem;\n      text-align: center;\n    }\n    header h1 {\n      margin: 0;\n      font-size: 2.5rem;\n    }\n    header p {\n      margin-top: 0.5rem;\n      font-size: 1.1rem;\n    }\n    nav {\n      background: #146c43;\n      display: flex;\n      justify-content: center;\n      flex-wrap: wrap;\n      padding: 0.7rem;\n    }\n    nav a {\n      color: white;\n      margin: 0 1rem;\n      text-decoration: none;\n      font-weight: bold;\n      font-size: 1rem;\n    }\n    nav a:hover {\n      text-decoration: underline;\n    }\n    .container {\n      max-width: 960px;\n      margin: auto;\n      padding: 2rem 1rem;\n    }\n    article {\n      background: white;\n      padding: 1.5rem;\n      border-radius: 10px;\n      box-shadow: 0 0 12px rgba(0,0,0,0.08);\n      margin-bottom: 2rem;\n    }\n    article h2 {\n      color: #198754;\n    }\n    article a {\n      color: #146c43;\n      text-decoration: none;\n      font-weight: bold;\n    }\n    article a:hover {\n      text-decoration: underline;\n    }\n    footer {\n      background: #333;\n      color: white;\n      text-align: center;\n      padding: 1rem;\n      font-size: 0.9rem;\n    }\n    @media (max-width: 600px) {\n      nav {\n        flex-direction: column;\n      }\n      nav a {\n        margin: 0.5rem 0;\n      }\n    }\n  <\/style>\n<p><\/head><br \/>\n<body><\/p>\n<header>\n<h1>Grana na Pr\u00e1tica<\/h1>\n<p>Dicas reais para ganhar dinheiro, empreender e mudar de vida<\/p>\n<\/header>\n<nav>\n    <a href=\"index.html\">In\u00edcio<\/a><br \/>\n    <a href=\"negocios.html\">Neg\u00f3cios<\/a><br \/>\n    <a href=\"renda-extra.html\">Renda Extra<\/a><br \/>\n    <a href=\"investimentos.html\">Investimentos<\/a><br \/>\n    <a href=\"sobre.html\">Sobre<\/a><br \/>\n    <a href=\"contato.html\">Contato<\/a><br \/>\n  <\/nav>\n<div class=\"container\">\n<article>\n<h2>Como Ganhar Dinheiro com Pesquisas Remuneradas<\/h2>\n<p>Descubra os melhores sites de pesquisas online que realmente pagam, e veja como transformar isso em uma renda extra mensal.<\/p>\n<p>      <a href=\"pesquisas-remuneradas.html\">Leia mais&#8230;<\/a><br \/>\n    <\/article>\n<article>\n<h2>Top 10 Neg\u00f3cios para Come\u00e7ar em Casa com Pouco Dinheiro<\/h2>\n<p>Quer empreender com menos de R$500? Veja ideias pr\u00e1ticas para trabalhar de casa e come\u00e7ar a lucrar ainda este m\u00eas!<\/p>\n<p>      <a href=\"negocios-em-casa.html\">Leia mais&#8230;<\/a><br \/>\n    <\/article>\n<\/p><\/div>\n<footer>\n    &copy; 2025 Grana na Pr\u00e1tica | Todos os direitos reservados<br \/>\n  <\/footer>\n<p><\/body><br \/>\n<\/html><\/p>\n","protected":false},"excerpt":{"rendered":"<p>Grana na Pr\u00e1tica | Dicas para Ganhar Dinheiro de Verdade Grana na Pr\u00e1tica Dicas reais para ganhar dinheiro, empreender e mudar de vida In\u00edcio Neg\u00f3cios Renda Extra Investimentos Sobre Contato Como Ganhar Dinheiro com Pesquisas Remuneradas Descubra os melhores sites de pesquisas online que realmente pagam, e veja como transformar isso em uma renda extra [&hellip;]<\/p>\n","protected":false},"author":1,"featured_media":0,"parent":0,"menu_order":0,"comment_status":"closed","ping_status":"closed","template":"blank","meta":{"_monsterinsights_skip_tracking":false,"_monsterinsights_sitenote_active":false,"_monsterinsights_sitenote_note":"","_monsterinsights_sitenote_category":0,"footnotes":""},"class_list":["post-65","page","type-page","status-publish","hentry"],"aioseo_notices":[],"_links":{"self":[{"href":"https:\/\/xn--grananaprtica-ceb.com\/index.php?rest_route=\/wp\/v2\/pages\/65","targetHints":{"allow":["GET"]}}],"collection":[{"href":"https:\/\/xn--grananaprtica-ceb.com\/index.php?rest_route=\/wp\/v2\/pages"}],"about":[{"href":"https:\/\/xn--grananaprtica-ceb.com\/index.php?rest_route=\/wp\/v2\/types\/page"}],"author":[{"embeddable":true,"href":"https:\/\/xn--grananaprtica-ceb.com\/index.php?rest_route=\/wp\/v2\/users\/1"}],"replies":[{"embeddable":true,"href":"https:\/\/xn--grananaprtica-ceb.com\/index.php?rest_route=%2Fwp%2Fv2%2Fcomments&post=65"}],"version-history":[{"count":5,"href":"https:\/\/xn--grananaprtica-ceb.com\/index.php?rest_route=\/wp\/v2\/pages\/65\/revisions"}],"predecessor-version":[{"id":186,"href":"https:\/\/xn--grananaprtica-ceb.com\/index.php?rest_route=\/wp\/v2\/pages\/65\/revisions\/186"}],"wp:attachment":[{"href":"https:\/\/xn--grananaprtica-ceb.com\/index.php?rest_route=%2Fwp%2Fv2%2Fmedia&parent=65"}],"curies":[{"name":"wp","href":"https:\/\/api.w.org\/{rel}","templated":true}]}}